e (6 - 5) + (-1)/(-1). Is 9 a factor of (-116)/(-12) - a/3?
True
Is 4 a factor of (0 + -14)*(-66)/77?
True
Let c(t) = -4*t**2 + 1. Let y be c(1). Let b = 1 - y. Is (b*9)/((-3)/(-2)) a multiple of 12?
True
Suppose -4 = -0*d + 4*d. Let y = 8 - d. Is 3/y - 59/(-3) a multiple of 10?
True
Let i be (-5 + 21/6)/(6/(-16)). Let r be (1/1)/(2/64). Suppose i - r = -n. Is n a multiple of 14?
True
Let f(o) = -o**2 - 18*o - 14. Is f(-9) a multiple of 24?
False
Let o(c) = 10*c**3 + 5*c**2 + 5*c - 6. Let v(n) = 21*n**3 + 11*n**2 + 11*n - 13. Let q(r) = -13*o(r) + 6*v(r). Suppose -g + 4 = 5. Does 4 divide q(g)?
True
Let o = 1 + -3. Let w be (-121)/o + (-2)/4. Suppose 0 = -0*c + 2*c - w. Is 15 a factor of c?
True
Let h = 257 + -116. Is h a multiple of 28?
False
Let l(u) = -u - 10. Let z be l(-5). Let i = z - -14. Is i a multiple of 9?
True
Suppose 3*i = 5 + 4. Let b be (-1)/(2 - i/2). Does 16 divide (9/(-4))/(b/24)?
False
Let m(q) = -43*q**2 - q. Let a be m(1). Let b = a + 111. Suppose 3*t - 4*s = b, -7*t - 5*s + 14 = -5*t. Does 17 divide t?
True
Suppose -4*u - b = -5*b - 32, 3*u = -3*b + 18. Suppose 2*x + 102 = 4*n + u*x, -100 = -4*n - 4*x. Is 23 a factor of n?
True
Suppose -q + 16 = -2*o, 2*q = -2*o - q - 16. Does 14 divide (-270)/o + (-4)/(-16)?
False
Let c be (4 - 7) + 6*1. Let b(j) = 3*j**2 + 2*j - 4. Is b(c) a multiple of 29?
True
Let s(p) = -p**2 - 11*p + 9. Is s(-11) a multiple of 9?
True
Let u = 9 - -6. Suppose 29 = -4*k + 5*r, -r = -3*k - 0*r - 30. Let a = k + u. Does 2 divide a?
True
Let f = -7 + 3. Is 30/f*32/(-12) a multiple of 14?
False
Let f = -8 - -13. Suppose 0 = f*d - 8*d + 186. Is 19 a factor of d?
False
Let o(b) = -b**2 - 5 + 4 - 1 - 15*b. Is 14 a factor of o(-11)?
True
Suppose 3*r - 6*r = -v - 7, r = 5*v + 7. Suppose 5 + 3 = r*i. Suppose -10 - 50 = -i*q. Is 5 a factor of q?
True
Suppose -2*z + 6*z = 20. Suppose -12 + 37 = k + 2*n, -5*k - z*n + 105 = 0. Is k a multiple of 8?
False
Let k(a) = -9*a + 6*a + 4*a**2 + 3*a**2 + 3 - 4. Is 41 a factor of k(-4)?
True
Let u = -10 + 14. Let d = u + -2. Suppose -67 = -4*r + 3*k, -d*r - 5*k = -6*r + 61. Does 19 divide r?
True
Let g = -10 - -14. Is 4 a factor of g?
True
Let i = -13 - -57. Suppose 3*r + d - 44 = -r, 3*r - i = 2*d. Is r a multiple of 5?
False
Let y = 149 + -121. Does 7 divide y?
True
Let r = -8 - -14. Suppose -60 = r*x - 8*x. Is 30 a factor of x?
True
Is 21 a factor of 166/8 + (0 - (-4)/16)?
True
Is 14 a factor of (6/12)/(2/392)?
True
Suppose -2*s - 9 = -39. Does 15 divide s?
True
Let j be 724/12 + (-1)/3. Suppose 0 = 3*o - 5*l - j, -4*o + o - l = -42. Does 4 divide o?
False
Suppose -8*s + m = -3*s - 20, 20 = 5*s - 5*m. Is s/(-30) - 6752/(-240) a multiple of 14?
True
Let p(m) = m**2 - 6*m + 7. Let i be p(5). Let g be 1*-1*(i - 1). Is 11 a factor of -10*g/((-10)/(-24))?
False
Let l(q) = 3*q. Is l(2) a multiple of 2?
True
Let c(r) = r**2 + 5*r - 5. Let i be c(-6). Is (0 + i)*(6 + 13) a multiple of 5?
False
Let u = 2 - -11. Suppose 0 = 4*c - 5*c + u. Does 3 divide c?
False
Suppose -2*w + 191 = w - 5*c, -5*w + 3*c = -345. Is 8 a factor of w?
True
Does 7 divide 66/4 - 23/(-46)?
False
Suppose 3*x + x = -5*c + 73, 0 = 3*c + x - 48. Let u = -2 + c. Is u a multiple of 7?
False
Suppose 3*l - u = 220, 5*l + 4*u - 364 = 3*u. Does 29 divide l?
False
Let v(r) = -r**2 - 12*r - 11. Let c be -10 + 3 + -2 + -1. Does 9 divide v(c)?
True
Let u = -18 - -24. Does 2 divide u?
True
Suppose 112 + 104 = 9*x. Does 12 divide x?
True
Let u(p) = -5*p**3 - 7*p**2 + 17*p + 2. Let j(z) = z**3 - z + 1. Let a(m) = 4*j(m) + u(m). Does 17 divide a(-9)?
True
Let b(c) = 2*c**3 + 2*c**2. Is b(2) a multiple of 11?
False
Suppose -9 = f - 4*f. Let h be (32/(-12))/((-2)/f). Suppose -13 = -h*s + 7. Does 5 divide s?
True
Let d(m) = -12*m**3. Is d(-1) a multiple of 4?
True
Suppose 0 = -4*h - 10 + 30. Suppose 5*t = -3*s - 2*s + 30, 2*t - h*s = -16. Is 2 a factor of t?
True
Suppose 22 = -2*c + 3*c. Does 11 divide c?
True
Let n(y) = y**3 + 2*y + 3. Let c(p) = p**2 + p + 1. Let g be c(-2). Is n(g) a multiple of 12?
True
Let y(u) be the third derivative of u**5/30 + 5*u**4/24 + u**3/3 + 4*u**2. Is y(-3) a multiple of 3?
False
Suppose 3*z + 7 + 8 = 0. Is 8/1 + (-3 - z) a multiple of 10?
True
Let k be 0 + (-3 - 2/1). Is 8 a factor of (-37)/k + (-3)/(-5)?
True
Let b be (-24)/20 + 1/5. Does 4 divide b/(-3) - (-56)/12?
False
Let f(d) = -d + 1. Let j be f(6). Let a(l) = -9*l + 6. Is 18 a factor of a(j)?
False
Let b(k) be the first derivative of k**3/3 - k**2 - 7*k + 3. Let t be b(6). Let v = t + -4. Is v a multiple of 5?
False
Let p(g) = g**3 + 6*g**2 - 10*g + 2. Let d be p(-7). Let z = d + -14. Does 9 divide z?
True
Suppose 4*d + d + 300 = 0. Let a = d - -36. Let n = 8 - a. Is 16 a factor of n?
True
Suppose 0 = -5*s, -4*s + 221 + 607 = 3*x. Is x a multiple of 46?
True
Let t = 22 - 13. Is 2 a factor of t?
False
Let o(m) = m**2 + 7*m + 4. Let h be o(-6). Is 13 a factor of 49 - (-6 - h - -1)?
True
Suppose 629 - 129 = 4*y. Is 25 a factor of y?
True
Let q be 20/11 - (-2)/11. Suppose q*l + 0*l = 8. Suppose -4*s + 1 = -c, -l*c + 0*c + 29 = -5*s. Is c a multiple of 4?
False
Suppose -5*i - 5*a + 95 = 0, a + 13 = 2*i - 13. Does 8 divide i?
False
Suppose 2968 = 4*x + 10*x. Is 53 a factor of x?
True
Let m = -37 + 62. Does 25 divide m?
True
Let u(q) = q**3 - 8*q**2 - 7*q - 13. Let h be u(9). Suppose 3*c + h = -4*l + 4*c, c = -2*l - 7. Is (-16)/(-6) + l/3 a multiple of 2?
True
Let l(z) = 5*z**2 + 5*z + 21. Does 29 divide l(-6)?
False
Let y be 0 + -3 - (-30)/1. Let j = y + -13. Is 7 a factor of j?
True
Suppose 0 = 7*a - a - 276. Does 27 divide a?
False
Let p = -3 + -1. Let u = p + 6. Suppose -j + 6 = u*t + j, 5*t - 24 = 4*j. Is 3 a factor of t?
False
Let f(k) = k**3 + k**2 + k + 56. Does 50 divide f(0)?
False
Suppose 0 = z + 3 - 6. Let r be ((-8)/(-10))/((-4)/(-460)). Suppose -g + r = z*g. Does 14 divide g?
False
Let i be -3 + (-32 + -1)/(-3). Suppose i + 367 = 5*y. Is 15 a factor of y?
True
Let d(z) = z**2 + 10*z + 15. Let j be d(-12). Suppose -4*a = -2*w - a + 43, 3*w + 4*a = j. Does 12 divide w?
False
Let f = -79 - -55. Is 5 - 7 - (f - 1) a multiple of 10?
False
Suppose -5*d = -124 - 176. Suppose 0*h = 3*h + 3*f - d, -3*h = -f - 68. Suppose -p - 5 = -5*v + 4*p, 0 = 4*v + 5*p - h. Is 2 a factor of v?
False
Suppose 4*z - 25 = -z. Let p = -5 - -53. Suppose 0 = -f - 2, -z*f + 2*f = -n + p. Is n a multiple of 21?
True
Suppose 0 = -0*l - 2*l + 8. Suppose 4*x = l*p + p - 18, 3*p + 4*x = -2. Is p even?
True
Let g(d) = -d**2 - 7*d - 8. Let u be g(-4). Suppose 2*h = -5*p + 256, u*p = -3*h - 2*h + 215. Is p a multiple of 24?
False
Let k be 498/5 - 8/(-20). Suppose 2*f - 28 - k = 0. Is 23 a factor of f?
False
Let v be (2/2)/(2/134). Let s = v + -14. Does 15 divide s?
False
Let l(i) = -i**2 - 11*i - 8. Let a = 0 - 6. Is 11 a factor of l(a)?
True
Let j be (3 + 4/(-1))*-17. Let z = -7 + j. Does 3 divide z?
False
Does 4 divide ((-36)/14)/(-2*(-6)/(-84))?
False
Let p(o) = -o**2 + 8*o - 8. Suppose 0 = -3*j - f + 20 - 1, 5*f = j - 1. Let u be p(j). Suppose b - u = 5. Is 4 a factor of b?
False
Is 9 a factor of (-266)/(-30) - (-2)/15?
True
Let a(m) = -65*m**3 + 2*m**2 - 1. Is 22 a factor of a(-1)?
True
Suppose -2*s + 3 = -3*x, 25 = 5*s + 3*x + 7. Let v = s - -1. Suppose -71 = -v*z - h, 4*z + 40 = 6*z + 2*h. Is 8 a factor of z?
False
Let i be ((-2)/4)/(5/(-20)). Is 82*-1*(-1)/i a multiple of 19?
False
Suppose 9*j - 802 = -127. Is j a multiple of 15?
True
Let m be (2 + 0 - 2)/(-1). Suppose -2*g + 2*d - 30 = m, -3*d = -8*d. Is (-4)/((g/(-24))/(-5)) a multiple of 16?
True
Let u(t) = t**3 - 3*t**2 - 15*t + 7. Does 11 divide u(8)?
False
Let k(c) be the third derivative of c**6/120 + c**5/60 + c**4/24 + 7*c**3/6 + c**2. Is k(0) a multiple of 7?
True
Let v = 1 - 3. Let i = v + -79. Let t = i + 123. Does 21 divide t?
True
Let r = 149 - 59. Suppose 0 = -3*z + r + 3. Does 13 divide z?
False
Let v(z) = 2*z**2 - 8*z - 6. Let p be v(-6). Suppose -p - 50 = -4*a. Is a a multiple of 26?
False
Suppose -4*j = -7*j + 216. Is j a multiple of 8?
True
Suppose 4*a - 15 = a. Does 5 divide a?
True
Suppose -g + 28 = -164. Suppose 3*q + 0*q = g. Is q a multiple of 11?
False
Let z(q) = -q - 13. Is 6 a factor of z(-19)?
True
Let t(g) = g - 8. Let k be t(8). Let n be (-4 - -2) + k/2. Is 4 a factor of 9 +